{"id":1007,"date":"2022-05-16T15:21:23","date_gmt":"2022-05-16T13:21:23","guid":{"rendered":"https:\/\/vancleven.be\/service-onderhoud\/"},"modified":"2022-06-10T11:14:43","modified_gmt":"2022-06-10T09:14:43","slug":"service-entretien","status":"publish","type":"page","link":"https:\/\/vancleven.be\/fr\/service-entretien\/","title":{"rendered":"Service &#038; entretien"},"content":{"rendered":"<section class=\"l-section wpb_row us_custom_264e2b36 height_auto\"><div class=\"l-section-h i-cf\"><div class=\"g-cols vc_row via_flex valign_top type_default stacking_default\"><div class=\"vc_col-sm-12 wpb_column vc_column_container\"><div class=\"vc_column-inner\"><div class=\"wpb_wrapper\"><\/div><\/div><\/div><\/div><\/div><\/section><section class=\"l-section wpb_row height_medium\"><div class=\"l-section-h i-cf\"><div class=\"g-cols vc_row via_flex valign_top type_default stacking_default\"><div class=\"vc_col-sm-12 wpb_column vc_column_container\"><div class=\"vc_column-inner\"><div class=\"wpb_wrapper\"><div class=\"wpb_text_column us_custom_6745946f has_text_color\"><div class=\"wpb_wrapper\"><h1>Un service professionnel de A \u00e0 Z<\/h1>\n<\/div><\/div><div class=\"w-separator us_custom_29a0f245 margin0 size_small with_line width_50 thick_1 style_solid color_secondary align_center\"><div class=\"w-separator-h\"><\/div><\/div><div class=\"wpb_text_column us_custom_1e9d6bf7 has_text_color\"><div class=\"wpb_wrapper\"><h2>Nos sp\u00e9cialistes sont \u00e0 votre service !<\/h2>\n<\/div><\/div><div class=\"w-separator size_small\"><\/div><div class=\"g-cols wpb_row via_flex valign_top type_default stacking_default\"><div class=\"vc_col-sm-6 wpb_column vc_column_container\"><div class=\"vc_column-inner us_custom_65380524\"><div class=\"wpb_wrapper\"><div class=\"wpb_text_column\"><div class=\"wpb_wrapper\"><p>Fournir un <strong>travail professionnel<\/strong> n\u2019est possible qu\u2019avec le bon personnel. Si Van Cleven est reconnu, <strong>depuis plus de 50 ans<\/strong>, pour son <strong>travail professionnel sur mesure dans le refroidissement et le traitement de l\u2019air<\/strong>, c\u2019est surtout gr\u00e2ce \u00e0 l\u2019expertise de nos collaborateurs.<\/p>\n<p>Ils se chargent jour apr\u00e8s jour de l\u2019installation des <strong>syt\u00e8mes de refroidissement<\/strong>, de l\u2019adaptation, des r\u00e9parations et de l\u2019entretien de nos divers appareils.<\/p>\n<\/div><\/div><\/div><\/div><\/div><div class=\"vc_col-sm-6 wpb_column vc_column_container\"><div class=\"vc_column-inner\"><div class=\"wpb_wrapper\"><div class=\"wpb_text_column\"><div class=\"wpb_wrapper\"><p>Nos techniciens certifi\u00e9s sont capables d&rsquo;intervenir dans des situations on ne peut plus diff\u00e9rentes. Nous disposons \u00e9galement d\u2019un service de d\u00e9veloppement et d\u2019un service de programmation des dispositifs de commande et de r\u00e9glage pour pouvoir satisfaire toute demande de nos donneurs d\u2019ordre.<\/p>\n<p>En outre, nous proposons \u00e9galement un service de r\u00e9paration interne joignable 24h\/24.<\/p>\n<\/div><\/div><\/div><\/div><\/div><\/div><div class=\"g-cols wpb_row via_flex valign_top type_default stacking_default\"><div class=\"vc_col-sm-6 wpb_column vc_column_container\"><div class=\"vc_column-inner\"><div class=\"wpb_wrapper\"><div class=\"w-separator size_small\"><\/div><div class=\"w-btn-wrapper width_full\"><a class=\"w-btn us-btn-style_4 icon_atleft\" title=\"R\u00e9alisations\" href=\"http:\/\/vancleven.be\/fr\/realisations\/\"><i class=\"fas fa-chevron-right\"><\/i><span class=\"w-btn-label\">D\u00e9couvrez nos realisations<\/span><\/a><\/div><\/div><\/div><\/div><div class=\"vc_col-sm-6 wpb_column vc_column_container\"><div class=\"vc_column-inner\"><div class=\"wpb_wrapper\"><div class=\"w-separator size_small\" id=\"l22f\"><style>@media(max-width:768px){ #l22f{height:0px!important}}<\/style><\/div><div class=\"w-btn-wrapper width_full\"><a class=\"w-btn us-btn-style_2 icon_atleft\" title=\"Contact\" href=\"http:\/\/vancleven.be\/fr\/contact\/\"><i class=\"fas fa-chevron-right\"><\/i><span class=\"w-btn-label\">Demandez votre devis<\/span><\/a><\/div><\/div><\/div><\/div><\/div><\/div><\/div><\/div><\/div><\/div><\/section><section class=\"l-section wpb_row us_custom_80c5572c height_medium\"><div class=\"l-section-h i-cf\"><div class=\"g-cols vc_row via_flex valign_top type_default stacking_default\"><div class=\"vc_col-sm-4 wpb_column vc_column_container\"><div class=\"vc_column-inner\"><div class=\"wpb_wrapper\"><div class=\"w-iconbox us_custom_0a71fc71 has_text_color iconpos_left style_default color_custom align_center no_text\"><div class=\"w-iconbox-icon\" style=\"font-size:1rem;color:#0797b9;\"><i class=\"fas fa-check\"><\/i><\/div><div class=\"w-iconbox-meta\"><h2 class=\"w-iconbox-title\">Propre service de conception<\/h2><\/div><\/div><\/div><\/div><\/div><div class=\"vc_col-sm-4 wpb_column vc_column_container\"><div class=\"vc_column-inner\"><div class=\"wpb_wrapper\"><div class=\"w-iconbox us_custom_0a71fc71 has_text_color iconpos_left style_default color_custom align_center no_text\"><div class=\"w-iconbox-icon\" style=\"font-size:1rem;color:#0797b9;\"><i class=\"fas fa-check\"><\/i><\/div><div class=\"w-iconbox-meta\"><h2 class=\"w-iconbox-title\">Propre service de placement<\/h2><\/div><\/div><\/div><\/div><\/div><div class=\"vc_col-sm-4 wpb_column vc_column_container\"><div class=\"vc_column-inner\"><div class=\"wpb_wrapper\"><div class=\"w-iconbox us_custom_0a71fc71 has_text_color iconpos_left style_default color_custom align_center no_text\"><div class=\"w-iconbox-icon\" style=\"font-size:1rem;color:#0797b9;\"><i class=\"fas fa-check\"><\/i><\/div><div class=\"w-iconbox-meta\"><h2 class=\"w-iconbox-title\">Propre service de r\u00e9paration<\/h2><\/div><\/div><\/div><\/div><\/div><\/div><\/div><\/section><section class=\"l-section wpb_row height_medium\"><div class=\"l-section-h i-cf\"><div class=\"g-cols vc_row via_flex valign_top type_default stacking_default\"><div class=\"vc_col-sm-12 wpb_column vc_column_container\"><div class=\"vc_column-inner\"><div class=\"wpb_wrapper\"><div class=\"wpb_text_column us_custom_1e9d6bf7 has_text_color\"><div class=\"wpb_wrapper\"><h2 style=\"text-align: center;\">Van Cleven assure, depuis plus de cinquante ans, un service apr\u00e8s-vente et un entretien de haute qualit\u00e9<\/h2>\n<\/div><\/div><\/div><\/div><\/div><\/div><\/div><\/section>\n","protected":false},"excerpt":{"rendered":"Un service professionnel de A \u00e0 Z Nos sp\u00e9cialistes sont \u00e0 votre service ! Fournir un travail professionnel n\u2019est possible qu\u2019avec le bon personnel. Si Van Cleven est reconnu, depuis plus de 50 ans, pour son travail professionnel sur mesure dans le refroidissement et le traitement de l\u2019air, c\u2019est surtout gr\u00e2ce \u00e0 l\u2019expertise de nos...","protected":false},"author":1,"featured_media":0,"parent":0,"menu_order":2,"comment_status":"closed","ping_status":"closed","template":"","meta":{"footnotes":""},"class_list":["post-1007","page","type-page","status-publish","hentry"],"yoast_head":"<!-- This site is optimized with the Yoast SEO plugin v27.5 - https:\/\/yoast.com\/product\/yoast-seo-wordpress\/ -->\n<title>Installation syst\u00e8mes de refroidissement | Van Cleven Refroidissemment<\/title>\n<meta name=\"description\" content=\"Fournir un travail professionnel n\u2019est possible qu\u2019avec le bon personnel Si Van Cleven est reconnu, depuis plus de 50 ans, pour son travail professionnel sur mesure dans le refroidissement et le traitement de l\u2019air, c\u2019est surtout gr\u00e2ce \u00e0 l\u2019expertise de nos collaborateurs\" \/>\n<meta name=\"robots\" content=\"index, follow, max-snippet:-1, max-image-preview:large, max-video-preview:-1\" \/>\n<link rel=\"canonical\" href=\"https:\/\/vancleven.be\/fr\/service-entretien\/\" \/>\n<meta property=\"og:locale\" content=\"fr_FR\" \/>\n<meta property=\"og:type\" content=\"article\" \/>\n<meta property=\"og:title\" content=\"Installation syst\u00e8mes de refroidissement | Van Cleven Refroidissemment\" \/>\n<meta property=\"og:description\" content=\"Fournir un travail professionnel n\u2019est possible qu\u2019avec le bon personnel Si Van Cleven est reconnu, depuis plus de 50 ans, pour son travail professionnel sur mesure dans le refroidissement et le traitement de l\u2019air, c\u2019est surtout gr\u00e2ce \u00e0 l\u2019expertise de nos collaborateurs\" \/>\n<meta property=\"og:url\" content=\"https:\/\/vancleven.be\/fr\/service-entretien\/\" \/>\n<meta property=\"og:site_name\" content=\"Van Cleven\" \/>\n<meta property=\"article:modified_time\" content=\"2022-06-10T09:14:43+00:00\" \/>\n<meta name=\"twitter:card\" content=\"summary_large_image\" \/>\n<meta name=\"twitter:label1\" content=\"Dur\u00e9e de lecture est.\" \/>\n\t<meta name=\"twitter:data1\" content=\"2 minutes\" \/>\n<script type=\"application\/ld+json\" class=\"yoast-schema-graph\">{\"@context\":\"https:\\\/\\\/schema.org\",\"@graph\":[{\"@type\":\"WebPage\",\"@id\":\"https:\\\/\\\/vancleven.be\\\/fr\\\/service-entretien\\\/\",\"url\":\"https:\\\/\\\/vancleven.be\\\/fr\\\/service-entretien\\\/\",\"name\":\"Installation syst\u00e8mes de refroidissement | Van Cleven Refroidissemment\",\"isPartOf\":{\"@id\":\"https:\\\/\\\/vancleven.be\\\/fr\\\/#website\"},\"datePublished\":\"2022-05-16T13:21:23+00:00\",\"dateModified\":\"2022-06-10T09:14:43+00:00\",\"description\":\"Fournir un travail professionnel n\u2019est possible qu\u2019avec le bon personnel Si Van Cleven est reconnu, depuis plus de 50 ans, pour son travail professionnel sur mesure dans le refroidissement et le traitement de l\u2019air, c\u2019est surtout gr\u00e2ce \u00e0 l\u2019expertise de nos collaborateurs\",\"breadcrumb\":{\"@id\":\"https:\\\/\\\/vancleven.be\\\/fr\\\/service-entretien\\\/#breadcrumb\"},\"inLanguage\":\"fr-BE\",\"potentialAction\":[{\"@type\":\"ReadAction\",\"target\":[\"https:\\\/\\\/vancleven.be\\\/fr\\\/service-entretien\\\/\"]}]},{\"@type\":\"BreadcrumbList\",\"@id\":\"https:\\\/\\\/vancleven.be\\\/fr\\\/service-entretien\\\/#breadcrumb\",\"itemListElement\":[{\"@type\":\"ListItem\",\"position\":1,\"name\":\"Home\",\"item\":\"https:\\\/\\\/vancleven.be\\\/fr\\\/\"},{\"@type\":\"ListItem\",\"position\":2,\"name\":\"Service &#038; entretien\"}]},{\"@type\":\"WebSite\",\"@id\":\"https:\\\/\\\/vancleven.be\\\/fr\\\/#website\",\"url\":\"https:\\\/\\\/vancleven.be\\\/fr\\\/\",\"name\":\"Van Cleven\",\"description\":\"\",\"potentialAction\":[{\"@type\":\"SearchAction\",\"target\":{\"@type\":\"EntryPoint\",\"urlTemplate\":\"https:\\\/\\\/vancleven.be\\\/fr\\\/?s={search_term_string}\"},\"query-input\":{\"@type\":\"PropertyValueSpecification\",\"valueRequired\":true,\"valueName\":\"search_term_string\"}}],\"inLanguage\":\"fr-BE\"}]}<\/script>\n<!-- \/ Yoast SEO plugin. -->","yoast_head_json":{"title":"Installation syst\u00e8mes de refroidissement | Van Cleven Refroidissemment","description":"Fournir un travail professionnel n\u2019est possible qu\u2019avec le bon personnel Si Van Cleven est reconnu, depuis plus de 50 ans, pour son travail professionnel sur mesure dans le refroidissement et le traitement de l\u2019air, c\u2019est surtout gr\u00e2ce \u00e0 l\u2019expertise de nos collaborateurs","robots":{"index":"index","follow":"follow","max-snippet":"max-snippet:-1","max-image-preview":"max-image-preview:large","max-video-preview":"max-video-preview:-1"},"canonical":"https:\/\/vancleven.be\/fr\/service-entretien\/","og_locale":"fr_FR","og_type":"article","og_title":"Installation syst\u00e8mes de refroidissement | Van Cleven Refroidissemment","og_description":"Fournir un travail professionnel n\u2019est possible qu\u2019avec le bon personnel Si Van Cleven est reconnu, depuis plus de 50 ans, pour son travail professionnel sur mesure dans le refroidissement et le traitement de l\u2019air, c\u2019est surtout gr\u00e2ce \u00e0 l\u2019expertise de nos collaborateurs","og_url":"https:\/\/vancleven.be\/fr\/service-entretien\/","og_site_name":"Van Cleven","article_modified_time":"2022-06-10T09:14:43+00:00","twitter_card":"summary_large_image","twitter_misc":{"Dur\u00e9e de lecture est.":"2 minutes"},"schema":{"@context":"https:\/\/schema.org","@graph":[{"@type":"WebPage","@id":"https:\/\/vancleven.be\/fr\/service-entretien\/","url":"https:\/\/vancleven.be\/fr\/service-entretien\/","name":"Installation syst\u00e8mes de refroidissement | Van Cleven Refroidissemment","isPartOf":{"@id":"https:\/\/vancleven.be\/fr\/#website"},"datePublished":"2022-05-16T13:21:23+00:00","dateModified":"2022-06-10T09:14:43+00:00","description":"Fournir un travail professionnel n\u2019est possible qu\u2019avec le bon personnel Si Van Cleven est reconnu, depuis plus de 50 ans, pour son travail professionnel sur mesure dans le refroidissement et le traitement de l\u2019air, c\u2019est surtout gr\u00e2ce \u00e0 l\u2019expertise de nos collaborateurs","breadcrumb":{"@id":"https:\/\/vancleven.be\/fr\/service-entretien\/#breadcrumb"},"inLanguage":"fr-BE","potentialAction":[{"@type":"ReadAction","target":["https:\/\/vancleven.be\/fr\/service-entretien\/"]}]},{"@type":"BreadcrumbList","@id":"https:\/\/vancleven.be\/fr\/service-entretien\/#breadcrumb","itemListElement":[{"@type":"ListItem","position":1,"name":"Home","item":"https:\/\/vancleven.be\/fr\/"},{"@type":"ListItem","position":2,"name":"Service &#038; entretien"}]},{"@type":"WebSite","@id":"https:\/\/vancleven.be\/fr\/#website","url":"https:\/\/vancleven.be\/fr\/","name":"Van Cleven","description":"","potentialAction":[{"@type":"SearchAction","target":{"@type":"EntryPoint","urlTemplate":"https:\/\/vancleven.be\/fr\/?s={search_term_string}"},"query-input":{"@type":"PropertyValueSpecification","valueRequired":true,"valueName":"search_term_string"}}],"inLanguage":"fr-BE"}]}},"_links":{"self":[{"href":"https:\/\/vancleven.be\/fr\/wp-json\/wp\/v2\/pages\/1007","targetHints":{"allow":["GET"]}}],"collection":[{"href":"https:\/\/vancleven.be\/fr\/wp-json\/wp\/v2\/pages"}],"about":[{"href":"https:\/\/vancleven.be\/fr\/wp-json\/wp\/v2\/types\/page"}],"author":[{"embeddable":true,"href":"https:\/\/vancleven.be\/fr\/wp-json\/wp\/v2\/users\/1"}],"replies":[{"embeddable":true,"href":"https:\/\/vancleven.be\/fr\/wp-json\/wp\/v2\/comments?post=1007"}],"version-history":[{"count":5,"href":"https:\/\/vancleven.be\/fr\/wp-json\/wp\/v2\/pages\/1007\/revisions"}],"predecessor-version":[{"id":1248,"href":"https:\/\/vancleven.be\/fr\/wp-json\/wp\/v2\/pages\/1007\/revisions\/1248"}],"wp:attachment":[{"href":"https:\/\/vancleven.be\/fr\/wp-json\/wp\/v2\/media?parent=1007"}],"curies":[{"name":"wp","href":"https:\/\/api.w.org\/{rel}","templated":true}]}}

<section class="l-section wpb_row us_custom_264e2b36 height_auto"><div class="l-section-h i-cf"><div class="g-cols vc_row via_flex valign_top type_default stacking_default"><div class="vc_col-sm-12 wpb_column vc_column_container"><div class="vc_column-inner"><div class="wpb_wrapper"></div></div></div></div></div></section><section class="l-section wpb_row height_medium"><div class="l-section-h i-cf"><div class="g-cols vc_row via_flex valign_top type_default stacking_default"><div class="vc_col-sm-12 wpb_column vc_column_container"><div class="vc_column-inner"><div class="wpb_wrapper"><div class="wpb_text_column us_custom_6745946f has_text_color"><div class="wpb_wrapper"><h1>Un service professionnel de A à Z</h1>
</div></div><div class="w-separator us_custom_29a0f245 margin0 size_small with_line width_50 thick_1 style_solid color_secondary align_center"><div class="w-separator-h"></div></div><div class="wpb_text_column us_custom_1e9d6bf7 has_text_color"><div class="wpb_wrapper"><h2>Nos spécialistes sont à votre service !</h2>
</div></div><div class="w-separator size_small"></div><div class="g-cols wpb_row via_flex valign_top type_default stacking_default"><div class="vc_col-sm-6 wpb_column vc_column_container"><div class="vc_column-inner us_custom_65380524"><div class="wpb_wrapper"><div class="wpb_text_column"><div class="wpb_wrapper"><p>Fournir un <strong>travail professionnel</strong> n’est possible qu’avec le bon personnel. Si Van Cleven est reconnu, <strong>depuis plus de 50 ans</strong>, pour son <strong>travail professionnel sur mesure dans le refroidissement et le traitement de l’air</strong>, c’est surtout grâce à l’expertise de nos collaborateurs.</p>
<p>Ils se chargent jour après jour de l’installation des <strong>sytèmes de refroidissement</strong>, de l’adaptation, des réparations et de l’entretien de nos divers appareils.</p>
</div></div></div></div></div><div class="vc_col-sm-6 wpb_column vc_column_container"><div class="vc_column-inner"><div class="wpb_wrapper"><div class="wpb_text_column"><div class="wpb_wrapper"><p>Nos techniciens certifiés sont capables d&rsquo;intervenir dans des situations on ne peut plus différentes. Nous disposons également d’un service de développement et d’un service de programmation des dispositifs de commande et de réglage pour pouvoir satisfaire toute demande de nos donneurs d’ordre.</p>
<p>En outre, nous proposons également un service de réparation interne joignable 24h/24.</p>
</div></div></div></div></div></div><div class="g-cols wpb_row via_flex valign_top type_default stacking_default"><div class="vc_col-sm-6 wpb_column vc_column_container"><div class="vc_column-inner"><div class="wpb_wrapper"><div class="w-separator size_small"></div><div class="w-btn-wrapper width_full"><a class="w-btn us-btn-style_4 icon_atleft" title="Réalisations" href="http://vancleven.be/fr/realisations/"><i class="fas fa-chevron-right"></i><span class="w-btn-label">Découvrez nos realisations</span></a></div></div></div></div><div class="vc_col-sm-6 wpb_column vc_column_container"><div class="vc_column-inner"><div class="wpb_wrapper"><div class="w-separator size_small" id="l22f"><style>@media(max-width:768px){ #l22f{height:0px!important}}</style></div><div class="w-btn-wrapper width_full"><a class="w-btn us-btn-style_2 icon_atleft" title="Contact" href="http://vancleven.be/fr/contact/"><i class="fas fa-chevron-right"></i><span class="w-btn-label">Demandez votre devis</span></a></div></div></div></div></div></div></div></div></div></div></section><section class="l-section wpb_row us_custom_80c5572c height_medium"><div class="l-section-h i-cf"><div class="g-cols vc_row via_flex valign_top type_default stacking_default"><div class="vc_col-sm-4 wpb_column vc_column_container"><div class="vc_column-inner"><div class="wpb_wrapper"><div class="w-iconbox us_custom_0a71fc71 has_text_color iconpos_left style_default color_custom align_center no_text"><div class="w-iconbox-icon" style="font-size:1rem;color:#0797b9;"><i class="fas fa-check"></i></div><div class="w-iconbox-meta"><h2 class="w-iconbox-title">Propre service de conception</h2></div></div></div></div></div><div class="vc_col-sm-4 wpb_column vc_column_container"><div class="vc_column-inner"><div class="wpb_wrapper"><div class="w-iconbox us_custom_0a71fc71 has_text_color iconpos_left style_default color_custom align_center no_text"><div class="w-iconbox-icon" style="font-size:1rem;color:#0797b9;"><i class="fas fa-check"></i></div><div class="w-iconbox-meta"><h2 class="w-iconbox-title">Propre service de placement</h2></div></div></div></div></div><div class="vc_col-sm-4 wpb_column vc_column_container"><div class="vc_column-inner"><div class="wpb_wrapper"><div class="w-iconbox us_custom_0a71fc71 has_text_color iconpos_left style_default color_custom align_center no_text"><div class="w-iconbox-icon" style="font-size:1rem;color:#0797b9;"><i class="fas fa-check"></i></div><div class="w-iconbox-meta"><h2 class="w-iconbox-title">Propre service de réparation</h2></div></div></div></div></div></div></div></section><section class="l-section wpb_row height_medium"><div class="l-section-h i-cf"><div class="g-cols vc_row via_flex valign_top type_default stacking_default"><div class="vc_col-sm-12 wpb_column vc_column_container"><div class="vc_column-inner"><div class="wpb_wrapper"><div class="wpb_text_column us_custom_1e9d6bf7 has_text_color"><div class="wpb_wrapper"><h2 style="text-align: center;">Van Cleven assure, depuis plus de cinquante ans, un service après-vente et un entretien de haute qualité</h2>
</div></div></div></div></div></div></div></section>

Un service professionnel de A à Z Nos spécialistes sont à votre service ! Fournir un travail professionnel n’est possible qu’avec le bon personnel. Si Van Cleven est reconnu, depuis plus de 50 ans, pour son travail professionnel sur mesure dans le refroidissement et le traitement de l’air, c’est surtout grâce à l’expertise de nos...

<!-- This site is optimized with the Yoast SEO plugin v27.5 - https://yoast.com/product/yoast-seo-wordpress/ -->
<title>Installation systèmes de refroidissement | Van Cleven Refroidissemment</title>
<meta name="description" content="Fournir un travail professionnel n’est possible qu’avec le bon personnel Si Van Cleven est reconnu, depuis plus de 50 ans, pour son travail professionnel sur mesure dans le refroidissement et le traitement de l’air, c’est surtout grâce à l’expertise de nos collaborateurs" />
<meta name="robots" content="index, follow, max-snippet:-1, max-image-preview:large, max-video-preview:-1" />
<link rel="canonical" href="https://vancleven.be/fr/service-entretien/" />
<meta property="og:locale" content="fr_FR" />
<meta property="og:type" content="article" />
<meta property="og:title" content="Installation systèmes de refroidissement | Van Cleven Refroidissemment" />
<meta property="og:description" content="Fournir un travail professionnel n’est possible qu’avec le bon personnel Si Van Cleven est reconnu, depuis plus de 50 ans, pour son travail professionnel sur mesure dans le refroidissement et le traitement de l’air, c’est surtout grâce à l’expertise de nos collaborateurs" />
<meta property="og:url" content="https://vancleven.be/fr/service-entretien/" />
<meta property="og:site_name" content="Van Cleven" />
<meta property="article:modified_time" content="2022-06-10T09:14:43+00:00" />
<meta name="twitter:card" content="summary_large_image" />
<meta name="twitter:label1" content="Durée de lecture est." />
	<meta name="twitter:data1" content="2 minutes" />
<script type="application/ld+json" class="yoast-schema-graph">{"@context":"https:\/\/schema.org","@graph":[{"@type":"WebPage","@id":"https:\/\/vancleven.be\/fr\/service-entretien\/","url":"https:\/\/vancleven.be\/fr\/service-entretien\/","name":"Installation systèmes de refroidissement | Van Cleven Refroidissemment","isPartOf":{"@id":"https:\/\/vancleven.be\/fr\/#website"},"datePublished":"2022-05-16T13:21:23+00:00","dateModified":"2022-06-10T09:14:43+00:00","description":"Fournir un travail professionnel n’est possible qu’avec le bon personnel Si Van Cleven est reconnu, depuis plus de 50 ans, pour son travail professionnel sur mesure dans le refroidissement et le traitement de l’air, c’est surtout grâce à l’expertise de nos collaborateurs","breadcrumb":{"@id":"https:\/\/vancleven.be\/fr\/service-entretien\/#breadcrumb"},"inLanguage":"fr-BE","potentialAction":[{"@type":"ReadAction","target":["https:\/\/vancleven.be\/fr\/service-entretien\/"]}]},{"@type":"BreadcrumbList","@id":"https:\/\/vancleven.be\/fr\/service-entretien\/#breadcrumb","itemListElement":[{"@type":"ListItem","position":1,"name":"Home","item":"https:\/\/vancleven.be\/fr\/"},{"@type":"ListItem","position":2,"name":"Service &#038; entretien"}]},{"@type":"WebSite","@id":"https:\/\/vancleven.be\/fr\/#website","url":"https:\/\/vancleven.be\/fr\/","name":"Van Cleven","description":"","potentialAction":[{"@type":"SearchAction","target":{"@type":"EntryPoint","urlTemplate":"https:\/\/vancleven.be\/fr\/?s={search_term_string}"},"query-input":{"@type":"PropertyValueSpecification","valueRequired":true,"valueName":"search_term_string"}}],"inLanguage":"fr-BE"}]}</script>
<!-- / Yoast SEO plugin. -->

Installation systèmes de refroidissement | Van Cleven Refroidissemment

Fournir un travail professionnel n’est possible qu’avec le bon personnel Si Van Cleven est reconnu, depuis plus de 50 ans, pour son travail professionnel sur mesure dans le refroidissement et le traitement de l’air, c’est surtout grâce à l’expertise de nos collaborateurs
